{"id":3,"date":"2023-05-08T13:55:36","date_gmt":"2023-05-08T13:55:36","guid":{"rendered":"https:\/\/addeara.com\/?page_id=3"},"modified":"2023-05-27T23:49:15","modified_gmt":"2023-05-27T23:49:15","slug":"privacy-policy","status":"publish","type":"page","link":"https:\/\/addeara.com\/?page_id=3","title":{"rendered":"Pol\u00edtica de privacidad"},"content":{"rendered":"\t\t<div data-elementor-type=\"wp-page\" data-elementor-id=\"3\" class=\"elementor elementor-3\" data-elementor-post-type=\"page\">\n\t\t\t\t\t\t<section class=\"wd-negative-gap elementor-section elementor-top-section elementor-element elementor-element-738de4ec elementor-section-boxed elementor-section-height-default elementor-section-height-default\" data-id=\"738de4ec\" data-element_type=\"section\">\n\t\t\t\t\t\t<div class=\"elementor-container elementor-column-gap-default\">\n\t\t\t\t\t<div class=\"elementor-column elementor-col-100 elementor-top-column elementor-element elementor-element-4e6fef9a\" data-id=\"4e6fef9a\" data-element_type=\"column\">\n\t\t\t<div class=\"elementor-widget-wrap elementor-element-populated\">\n\t\t\t\t\t\t<div class=\"elementor-element elementor-element-3d898bbe color-scheme-inherit text-left elementor-widget elementor-widget-text-editor\" data-id=\"3d898bbe\" data-element_type=\"widget\" data-widget_type=\"text-editor.default\">\n\t\t\t\t<div class=\"elementor-widget-container\">\n\t\t\t\t\t\t\t\t\t\n<h2 class=\"wp-block-heading\">Quienes somos<\/h2>\n\n<p><strong>Texto sugerido: La direcci\u00f3n de nuestro sitio web es: https:\/\/pruebadenenter.com.<\/strong><\/p>\n\n<h2 class=\"wp-block-heading\">Comentarios<\/h2>\n\n<p>Texto sugerido: cuando los visitantes dejan comentarios en el sitio, recopilamos los datos que se muestran en el formulario de comentarios, y tambi\u00e9n la direcci\u00f3n IP del visitante y la cadena del agente de usuario del navegador para ayudar a la detecci\u00f3n de spam.<\/p>\n\n<h2 class=\"wp-block-heading\">Cookies<\/h2>\n\n<p>Texto sugerido: si deja un comentario en nuestro sitio, puede optar por guardar su nombre, direcci\u00f3n de correo electr\u00f3nico y sitio web en cookies. Estos son para su comodidad, para que no tenga que volver a rellenar sus datos cuando deje otro comentario. Estas cookies tendr\u00e1n una duraci\u00f3n de un a\u00f1o.<\/p>\n\n<p>Si visita nuestra p\u00e1gina de inicio de sesi\u00f3n, estableceremos una cookie temporal para determinar si su navegador acepta cookies. Esta cookie no contiene datos personales y se descarta cuando cierra su navegador.<\/p>\n\n<p>Cuando inicie sesi\u00f3n, tambi\u00e9n configuraremos varias cookies para guardar su informaci\u00f3n de inicio de sesi\u00f3n y sus opciones de visualizaci\u00f3n de pantalla. Las cookies de inicio de sesi\u00f3n duran dos d\u00edas y las cookies de opciones de pantalla duran un a\u00f1o. Si selecciona \u00abRecordarme\u00bb, su inicio de sesi\u00f3n persistir\u00e1 durante dos semanas. Si cierra sesi\u00f3n en su cuenta, se eliminar\u00e1n las cookies de inicio de sesi\u00f3n.<\/p>\n\n<p>Si edita o publica un art\u00edculo, se guardar\u00e1 una cookie adicional en su navegador. Esta cookie no incluye datos personales y simplemente indica el ID de publicaci\u00f3n del art\u00edculo que acaba de editar. Caduca despu\u00e9s de 1 d\u00eda.<\/p>\n\n<h2 class=\"wp-block-heading\">Recuperaci\u00f3n de contrase\u00f1a<\/h2>\n\n<p>si solicita un restablecimiento de contrase\u00f1a, su direcci\u00f3n IP se incluir\u00e1 en el correo electr\u00f3nico de restablecimiento.<\/p>\n\n<h2 class=\"wp-block-heading\">Qu\u00e9 derechos tienes sobre sus datos.<\/h2>\n<p>Si tiene una cuenta en este sitio puede solicitar que eliminemos cualquier dato personal que tengamos sobre usted. Esto no incluye ning\u00fan dato que estemos obligados a conservar con fines administrativos, legales o de seguridad.<\/p>\n<p>\u00a0<\/p>\n\t\t\t\t\t\t\t\t<\/div>\n\t\t\t\t<\/div>\n\t\t\t\t\t<\/div>\n\t\t<\/div>\n\t\t\t\t\t<\/div>\n\t\t<\/section>\n\t\t\t\t<\/div>\n\t\t","protected":false},"excerpt":{"rendered":"<p>Quienes somos Texto sugerido: La direcci\u00f3n de nuestro sitio web es: https:\/\/pruebadenenter.com. Comentarios Texto sugerido: cuando los visitantes dejan comentarios<\/p>\n","protected":false},"author":1,"featured_media":0,"parent":0,"menu_order":0,"comment_status":"closed","ping_status":"closed","template":"","meta":{"footnotes":""},"class_list":["post-3","page","type-page","status-publish","hentry"],"yoast_head":"<!-- This site is optimized with the Yoast SEO plugin v26.7 - https:\/\/yoast.com\/wordpress\/plugins\/seo\/ -->\n<title>Pol\u00edtica de privacidad - Addeara<\/title>\n<meta name=\"description\" content=\"Explora nuestra amplia gama de productos al por mayor internacional en hogar, alimentos, abarrotes, tecnolog\u00eda, joyer\u00eda y deportes. Con [Nombre de tu Empresa], accede a mercados globales sin complicaciones, garantizando calidad y precios competitivos. \u00a1Haz crecer tu negocio hoy con nosotros!\" \/>\n<meta name=\"robots\" content=\"index, follow, max-snippet:-1, max-image-preview:large, max-video-preview:-1\" \/>\n<link rel=\"canonical\" href=\"https:\/\/addeara.com\/?page_id=3\" \/>\n<meta property=\"og:locale\" content=\"es_ES\" \/>\n<meta property=\"og:type\" content=\"article\" \/>\n<meta property=\"og:title\" content=\"Pol\u00edtica de privacidad - Addeara\" \/>\n<meta property=\"og:description\" content=\"Explora nuestra amplia gama de productos al por mayor internacional en hogar, alimentos, abarrotes, tecnolog\u00eda, joyer\u00eda y deportes. Con [Nombre de tu Empresa], accede a mercados globales sin complicaciones, garantizando calidad y precios competitivos. \u00a1Haz crecer tu negocio hoy con nosotros!\" \/>\n<meta property=\"og:url\" content=\"https:\/\/addeara.com\/?page_id=3\" \/>\n<meta property=\"og:site_name\" content=\"Addeara\" \/>\n<meta property=\"article:modified_time\" content=\"2023-05-27T23:49:15+00:00\" \/>\n<meta property=\"og:image\" content=\"https:\/\/addeara.com\/wp-content\/uploads\/2023\/05\/cropped-9e6f5cd1-ecf5-4131-8dba-f0d09eb815d4.jpg\" \/>\n\t<meta property=\"og:image:width\" content=\"512\" \/>\n\t<meta property=\"og:image:height\" content=\"512\" \/>\n\t<meta property=\"og:image:type\" content=\"image\/jpeg\" \/>\n<meta name=\"twitter:card\" content=\"summary_large_image\" \/>\n<meta name=\"twitter:label1\" content=\"Tiempo de lectura\" \/>\n\t<meta name=\"twitter:data1\" content=\"2 minutos\" \/>\n<script type=\"application\/ld+json\" class=\"yoast-schema-graph\">{\"@context\":\"https:\/\/schema.org\",\"@graph\":[{\"@type\":\"WebPage\",\"@id\":\"https:\/\/addeara.com\/?page_id=3\",\"url\":\"https:\/\/addeara.com\/?page_id=3\",\"name\":\"Pol\u00edtica de privacidad - Addeara\",\"isPartOf\":{\"@id\":\"https:\/\/addeara.com\/#website\"},\"datePublished\":\"2023-05-08T13:55:36+00:00\",\"dateModified\":\"2023-05-27T23:49:15+00:00\",\"description\":\"Explora nuestra amplia gama de productos al por mayor internacional en hogar, alimentos, abarrotes, tecnolog\u00eda, joyer\u00eda y deportes. Con [Nombre de tu Empresa], accede a mercados globales sin complicaciones, garantizando calidad y precios competitivos. \u00a1Haz crecer tu negocio hoy con nosotros!\",\"breadcrumb\":{\"@id\":\"https:\/\/addeara.com\/?page_id=3#breadcrumb\"},\"inLanguage\":\"es\",\"potentialAction\":[{\"@type\":\"ReadAction\",\"target\":[\"https:\/\/addeara.com\/?page_id=3\"]}]},{\"@type\":\"BreadcrumbList\",\"@id\":\"https:\/\/addeara.com\/?page_id=3#breadcrumb\",\"itemListElement\":[{\"@type\":\"ListItem\",\"position\":1,\"name\":\"Portada\",\"item\":\"https:\/\/addeara.com\/\"},{\"@type\":\"ListItem\",\"position\":2,\"name\":\"Pol\u00edtica de privacidad\"}]},{\"@type\":\"WebSite\",\"@id\":\"https:\/\/addeara.com\/#website\",\"url\":\"https:\/\/addeara.com\/\",\"name\":\"Addeara\",\"description\":\"Addeara Shop\",\"alternateName\":\"Addeara Shop\",\"potentialAction\":[{\"@type\":\"SearchAction\",\"target\":{\"@type\":\"EntryPoint\",\"urlTemplate\":\"https:\/\/addeara.com\/?s={search_term_string}\"},\"query-input\":{\"@type\":\"PropertyValueSpecification\",\"valueRequired\":true,\"valueName\":\"search_term_string\"}}],\"inLanguage\":\"es\"}]}<\/script>\n<!-- \/ Yoast SEO plugin. -->","yoast_head_json":{"title":"Pol\u00edtica de privacidad - Addeara","description":"Explora nuestra amplia gama de productos al por mayor internacional en hogar, alimentos, abarrotes, tecnolog\u00eda, joyer\u00eda y deportes. Con [Nombre de tu Empresa], accede a mercados globales sin complicaciones, garantizando calidad y precios competitivos. \u00a1Haz crecer tu negocio hoy con nosotros!","robots":{"index":"index","follow":"follow","max-snippet":"max-snippet:-1","max-image-preview":"max-image-preview:large","max-video-preview":"max-video-preview:-1"},"canonical":"https:\/\/addeara.com\/?page_id=3","og_locale":"es_ES","og_type":"article","og_title":"Pol\u00edtica de privacidad - Addeara","og_description":"Explora nuestra amplia gama de productos al por mayor internacional en hogar, alimentos, abarrotes, tecnolog\u00eda, joyer\u00eda y deportes. Con [Nombre de tu Empresa], accede a mercados globales sin complicaciones, garantizando calidad y precios competitivos. \u00a1Haz crecer tu negocio hoy con nosotros!","og_url":"https:\/\/addeara.com\/?page_id=3","og_site_name":"Addeara","article_modified_time":"2023-05-27T23:49:15+00:00","og_image":[{"width":512,"height":512,"url":"https:\/\/addeara.com\/wp-content\/uploads\/2023\/05\/cropped-9e6f5cd1-ecf5-4131-8dba-f0d09eb815d4.jpg","type":"image\/jpeg"}],"twitter_card":"summary_large_image","twitter_misc":{"Tiempo de lectura":"2 minutos"},"schema":{"@context":"https:\/\/schema.org","@graph":[{"@type":"WebPage","@id":"https:\/\/addeara.com\/?page_id=3","url":"https:\/\/addeara.com\/?page_id=3","name":"Pol\u00edtica de privacidad - Addeara","isPartOf":{"@id":"https:\/\/addeara.com\/#website"},"datePublished":"2023-05-08T13:55:36+00:00","dateModified":"2023-05-27T23:49:15+00:00","description":"Explora nuestra amplia gama de productos al por mayor internacional en hogar, alimentos, abarrotes, tecnolog\u00eda, joyer\u00eda y deportes. Con [Nombre de tu Empresa], accede a mercados globales sin complicaciones, garantizando calidad y precios competitivos. \u00a1Haz crecer tu negocio hoy con nosotros!","breadcrumb":{"@id":"https:\/\/addeara.com\/?page_id=3#breadcrumb"},"inLanguage":"es","potentialAction":[{"@type":"ReadAction","target":["https:\/\/addeara.com\/?page_id=3"]}]},{"@type":"BreadcrumbList","@id":"https:\/\/addeara.com\/?page_id=3#breadcrumb","itemListElement":[{"@type":"ListItem","position":1,"name":"Portada","item":"https:\/\/addeara.com\/"},{"@type":"ListItem","position":2,"name":"Pol\u00edtica de privacidad"}]},{"@type":"WebSite","@id":"https:\/\/addeara.com\/#website","url":"https:\/\/addeara.com\/","name":"Addeara","description":"Addeara Shop","alternateName":"Addeara Shop","potentialAction":[{"@type":"SearchAction","target":{"@type":"EntryPoint","urlTemplate":"https:\/\/addeara.com\/?s={search_term_string}"},"query-input":{"@type":"PropertyValueSpecification","valueRequired":true,"valueName":"search_term_string"}}],"inLanguage":"es"}]}},"_links":{"self":[{"href":"https:\/\/addeara.com\/index.php?rest_route=\/wp\/v2\/pages\/3","targetHints":{"allow":["GET"]}}],"collection":[{"href":"https:\/\/addeara.com\/index.php?rest_route=\/wp\/v2\/pages"}],"about":[{"href":"https:\/\/addeara.com\/index.php?rest_route=\/wp\/v2\/types\/page"}],"author":[{"embeddable":true,"href":"https:\/\/addeara.com\/index.php?rest_route=\/wp\/v2\/users\/1"}],"replies":[{"embeddable":true,"href":"https:\/\/addeara.com\/index.php?rest_route=%2Fwp%2Fv2%2Fcomments&post=3"}],"version-history":[{"count":0,"href":"https:\/\/addeara.com\/index.php?rest_route=\/wp\/v2\/pages\/3\/revisions"}],"wp:attachment":[{"href":"https:\/\/addeara.com\/index.php?rest_route=%2Fwp%2Fv2%2Fmedia&parent=3"}],"curies":[{"name":"wp","href":"https:\/\/api.w.org\/{rel}","templated":true}]}}